{"id":130,"date":"2024-02-08T23:31:11","date_gmt":"2024-02-08T23:31:11","guid":{"rendered":"http:\/\/www.jesusamarrado.com\/?page_id=130"},"modified":"2024-02-15T20:59:13","modified_gmt":"2024-02-15T20:59:13","slug":"procesion","status":"publish","type":"page","link":"http:\/\/www.jesusamarrado.com\/?page_id=130","title":{"rendered":"Procesi\u00f3n"},"content":{"rendered":"\n<figure class=\"wp-block-image size-full\"><img loading=\"lazy\" decoding=\"async\" width=\"777\" height=\"900\" src=\"http:\/\/www.jesusamarrado.com\/wp-content\/uploads\/2024\/02\/plano.jpg\" alt=\"\" class=\"wp-image-131\" srcset=\"http:\/\/www.jesusamarrado.com\/wp-content\/uploads\/2024\/02\/plano.jpg 777w, http:\/\/www.jesusamarrado.com\/wp-content\/uploads\/2024\/02\/plano-259x300.jpg 259w, http:\/\/www.jesusamarrado.com\/wp-content\/uploads\/2024\/02\/plano-768x890.jpg 768w\" sizes=\"auto, (max-width: 777px) 100vw, 777px\" \/><\/figure>\n\n\n\n<figure class=\"wp-block-embed is-type-video is-provider-youtube wp-block-embed-youtube wp-embed-aspect-16-9 wp-has-aspect-ratio\"><div class=\"wp-block-embed__wrapper\">\n<iframe loading=\"lazy\" title=\"Nuestro Padre Jes\u00fas Amarrado a la Columna.\" width=\"500\" height=\"281\" src=\"https:\/\/www.youtube.com\/embed\/vb3Ub4qolE4?start=47&#038;feature=oembed\" frameborder=\"0\" allow=\"accelerometer; autoplay; clipboard-write; encrypted-media; gyroscope; picture-in-picture; web-share\" referrerpolicy=\"strict-origin-when-cross-origin\" allowfullscreen><\/iframe>\n<\/div><\/figure>\n\n\n\n<p>A las 16:30 h. de cada Jueves Santo desde la Parroquia de Nuestra Se\u00f1ora de la Luz se inicia la Procesi\u00f3n con la imagen del Cristo de Paz y Caridad (o de las Misericordias), con nazarenos de su antiqu\u00edsima Archicofrad\u00eda. Tras el \u00abCristillo\u00bb se ordenan en la Procesi\u00f3n las siguientes Hermandades con sus correspondientes Pasos: Nuestro Padre Jes\u00fas Orando en el Huerto, Nuestro Padre Jes\u00fas Amarrado a la Columna, Nuestro Padre Jes\u00fas con la Ca\u00f1a, Sant\u00edsimo Ecce-Homo de San Gil, Nuestro Padre Jes\u00fas Ca\u00eddo y la Ver\u00f3nica, El Auxilio a Nuestro Se\u00f1or Jesucristo, Nuestro Padre Jes\u00fas Nazareno \u00abDel Puente\u00bb y Nuestra Se\u00f1ora de la Soledad \u00abDel Puente\u00bb.<br><br>La procesi\u00f3n cruza el J\u00facar por el Puente de San Ant\u00f3n y contin\u00faa por Calder\u00f3n de la Barca, Carreter\u00eda, Plaza de la Hispanidad, Aguirre y avanza por la Calle de las Torres, donde comienza el ascenso a la parte alta en la Puerta de Valencia. Contin\u00faa su ascensi\u00f3n por Alonso de Ojeda, San Vicente, Plaza de el Salvador, Solera y la estrecha calle del Peso. Desde ah\u00ed, el desfile contin\u00faa subiendo en esta tarde de Paz y Caridad por Andr\u00e9s de Cabrera y Alfonso VIII hasta la Plaza Mayor.<br><br>Una vez completa su subida el \u00faltimo paso, se inicia el descenso por Alfonso VIII, con la tradicional interpretaci\u00f3n del Miserere en San Felipe Neri, para continuar por Andr\u00e9s de Cabrera, Puerta de San Juan y, tras sortear las curvas de el Escardillo y la Audiencia, avanzar por la calle Palafox, pasar sobre el Huecar por el Puente de la Trinidad, y enfilar la Avenida Virgen de la Luz, hasta cruzar de nuevo el Puente de San Ant\u00f3n y terminar en el templo de procedencia alrededor de la medianoche.<br><br><strong>Fuente: Blog Jes\u00fas Amarrado<\/strong><\/p>\n\n\n\n<figure class=\"wp-block-image size-large\"><img loading=\"lazy\" decoding=\"async\" width=\"683\" height=\"1024\" src=\"http:\/\/www.jesusamarrado.com\/wp-content\/uploads\/2024\/02\/IMG_3011_felix-683x1024.jpg\" alt=\"\" class=\"wp-image-132\" srcset=\"http:\/\/www.jesusamarrado.com\/wp-content\/uploads\/2024\/02\/IMG_3011_felix-683x1024.jpg 683w, http:\/\/www.jesusamarrado.com\/wp-content\/uploads\/2024\/02\/IMG_3011_felix-200x300.jpg 200w, http:\/\/www.jesusamarrado.com\/wp-content\/uploads\/2024\/02\/IMG_3011_felix-768x1152.jpg 768w, http:\/\/www.jesusamarrado.com\/wp-content\/uploads\/2024\/02\/IMG_3011_felix-1024x1536.jpg 1024w, http:\/\/www.jesusamarrado.com\/wp-content\/uploads\/2024\/02\/IMG_3011_felix-1365x2048.jpg 1365w, http:\/\/www.jesusamarrado.com\/wp-content\/uploads\/2024\/02\/IMG_3011_felix-scaled.jpg 1707w\" sizes=\"auto, (max-width: 683px) 100vw, 683px\" \/><figcaption class=\"wp-element-caption\">Foto: F\u00e9lix Serna.<\/figcaption><\/figure>\n","protected":false},"excerpt":{"rendered":"<p>A las 16:30 h. de cada Jueves Santo desde la Parroquia de Nuestra Se\u00f1ora de la Luz se inicia la Procesi\u00f3n con la imagen del Cristo de Paz y Caridad (o de las Misericordias), con nazarenos de su antiqu\u00edsima Archicofrad\u00eda. Tras el \u00abCristillo\u00bb se ordenan en la Procesi\u00f3n las siguientes Hermandades con sus correspondientes Pasos: [&hellip;]<\/p>\n","protected":false},"author":1,"featured_media":0,"parent":0,"menu_order":0,"comment_status":"closed","ping_status":"closed","template":"","meta":{"_eb_attr":"","footnotes":""},"class_list":["post-130","page","type-page","status-publish","hentry"],"_links":{"self":[{"href":"http:\/\/www.jesusamarrado.com\/index.php?rest_route=\/wp\/v2\/pages\/130","targetHints":{"allow":["GET"]}}],"collection":[{"href":"http:\/\/www.jesusamarrado.com\/index.php?rest_route=\/wp\/v2\/pages"}],"about":[{"href":"http:\/\/www.jesusamarrado.com\/index.php?rest_route=\/wp\/v2\/types\/page"}],"author":[{"embeddable":true,"href":"http:\/\/www.jesusamarrado.com\/index.php?rest_route=\/wp\/v2\/users\/1"}],"replies":[{"embeddable":true,"href":"http:\/\/www.jesusamarrado.com\/index.php?rest_route=%2Fwp%2Fv2%2Fcomments&post=130"}],"version-history":[{"count":3,"href":"http:\/\/www.jesusamarrado.com\/index.php?rest_route=\/wp\/v2\/pages\/130\/revisions"}],"predecessor-version":[{"id":283,"href":"http:\/\/www.jesusamarrado.com\/index.php?rest_route=\/wp\/v2\/pages\/130\/revisions\/283"}],"wp:attachment":[{"href":"http:\/\/www.jesusamarrado.com\/index.php?rest_route=%2Fwp%2Fv2%2Fmedia&parent=130"}],"curies":[{"name":"wp","href":"https:\/\/api.w.org\/{rel}","templated":true}]}}

Procesión

<figure class="wp-block-image size-full"><img loading="lazy" decoding="async" width="777" height="900" src="http://www.jesusamarrado.com/wp-content/uploads/2024/02/plano.jpg" alt="" class="wp-image-131" srcset="http://www.jesusamarrado.com/wp-content/uploads/2024/02/plano.jpg 777w, http://www.jesusamarrado.com/wp-content/uploads/2024/02/plano-259x300.jpg 259w, http://www.jesusamarrado.com/wp-content/uploads/2024/02/plano-768x890.jpg 768w" sizes="auto, (max-width: 777px) 100vw, 777px" /></figure>



<figure class="wp-block-embed is-type-video is-provider-youtube wp-block-embed-youtube wp-embed-aspect-16-9 wp-has-aspect-ratio"><div class="wp-block-embed__wrapper">
<iframe loading="lazy" title="Nuestro Padre Jesús Amarrado a la Columna." width="500" height="281" src="https://www.youtube.com/embed/vb3Ub4qolE4?start=47&#038;feature=oembed" frameborder="0" allow="accelerometer; autoplay; clipboard-write; encrypted-media; gyroscope; picture-in-picture; web-share" referrerpolicy="strict-origin-when-cross-origin" allowfullscreen></iframe>
</div></figure>



<p>A las 16:30 h. de cada Jueves Santo desde la Parroquia de Nuestra Señora de la Luz se inicia la Procesión con la imagen del Cristo de Paz y Caridad (o de las Misericordias), con nazarenos de su antiquísima Archicofradía. Tras el «Cristillo» se ordenan en la Procesión las siguientes Hermandades con sus correspondientes Pasos: Nuestro Padre Jesús Orando en el Huerto, Nuestro Padre Jesús Amarrado a la Columna, Nuestro Padre Jesús con la Caña, Santísimo Ecce-Homo de San Gil, Nuestro Padre Jesús Caído y la Verónica, El Auxilio a Nuestro Señor Jesucristo, Nuestro Padre Jesús Nazareno «Del Puente» y Nuestra Señora de la Soledad «Del Puente».<br><br>La procesión cruza el Júcar por el Puente de San Antón y continúa por Calderón de la Barca, Carretería, Plaza de la Hispanidad, Aguirre y avanza por la Calle de las Torres, donde comienza el ascenso a la parte alta en la Puerta de Valencia. Continúa su ascensión por Alonso de Ojeda, San Vicente, Plaza de el Salvador, Solera y la estrecha calle del Peso. Desde ahí, el desfile continúa subiendo en esta tarde de Paz y Caridad por Andrés de Cabrera y Alfonso VIII hasta la Plaza Mayor.<br><br>Una vez completa su subida el último paso, se inicia el descenso por Alfonso VIII, con la tradicional interpretación del Miserere en San Felipe Neri, para continuar por Andrés de Cabrera, Puerta de San Juan y, tras sortear las curvas de el Escardillo y la Audiencia, avanzar por la calle Palafox, pasar sobre el Huecar por el Puente de la Trinidad, y enfilar la Avenida Virgen de la Luz, hasta cruzar de nuevo el Puente de San Antón y terminar en el templo de procedencia alrededor de la medianoche.<br><br><strong>Fuente: Blog Jesús Amarrado</strong></p>



<figure class="wp-block-image size-large"><img loading="lazy" decoding="async" width="683" height="1024" src="http://www.jesusamarrado.com/wp-content/uploads/2024/02/IMG_3011_felix-683x1024.jpg" alt="" class="wp-image-132" srcset="http://www.jesusamarrado.com/wp-content/uploads/2024/02/IMG_3011_felix-683x1024.jpg 683w, http://www.jesusamarrado.com/wp-content/uploads/2024/02/IMG_3011_felix-200x300.jpg 200w, http://www.jesusamarrado.com/wp-content/uploads/2024/02/IMG_3011_felix-768x1152.jpg 768w, http://www.jesusamarrado.com/wp-content/uploads/2024/02/IMG_3011_felix-1024x1536.jpg 1024w, http://www.jesusamarrado.com/wp-content/uploads/2024/02/IMG_3011_felix-1365x2048.jpg 1365w, http://www.jesusamarrado.com/wp-content/uploads/2024/02/IMG_3011_felix-scaled.jpg 1707w" sizes="auto, (max-width: 683px) 100vw, 683px" /><figcaption class="wp-element-caption">Foto: Félix Serna.</figcaption></figure>

<p>A las 16:30 h. de cada Jueves Santo desde la Parroquia de Nuestra Señora de la Luz se inicia la Procesión con la imagen del Cristo de Paz y Caridad (o de las Misericordias), con nazarenos de su antiquísima Archicofradía. Tras el «Cristillo» se ordenan en la Procesión las siguientes Hermandades con sus correspondientes Pasos: [&hellip;]</p>
