{"id":126,"date":"2024-02-08T23:29:01","date_gmt":"2024-02-08T23:29:01","guid":{"rendered":"http:\/\/www.jesusamarrado.com\/?page_id=126"},"modified":"2026-01-06T22:48:46","modified_gmt":"2026-01-06T22:48:46","slug":"via-crucis","status":"publish","type":"page","link":"http:\/\/www.jesusamarrado.com\/?page_id=126","title":{"rendered":"V\u00eda Crucis"},"content":{"rendered":"<p><script>(function(d, s, id) { var js, pjs = d.getElementsByTagName(s)[0]; if (d.getElementById(id)) return; js = d.createElement(s); js.id = id; js.src = \"\/\/www.tickcounter.com\/static\/js\/loader.js\"; pjs.parentNode.insertBefore(js, pjs); }(document, \"script\", \"tickcounter-sdk\"));<\/script><a data-type=\"countdown\" data-id=\"9091575\" class=\"tickcounter\" style=\"display:block; left:0; width:50%; height:0; position:relative; padding-bottom:12%; margin:0 auto;\" title=\"Via Crucis 2026\" href=\"\/\/www.tickcounter.com\/\">Via Crucis 2026<\/a><\/p>\n\n\n\n<p class=\"has-text-align-center\">Via Crucis 2025 &#8211; 7 de Marzo<\/p>\n\n\n\n<figure class=\"wp-block-embed is-type-video is-provider-youtube wp-block-embed-youtube wp-embed-aspect-16-9 wp-has-aspect-ratio\"><div class=\"wp-block-embed__wrapper\">\n<iframe loading=\"lazy\" title=\"V\u00eda Crucis de Nuestro Padre Jes\u00fas Amarrado a la Columna 2023\" width=\"500\" height=\"281\" src=\"https:\/\/www.youtube.com\/embed\/BmGA_LWNT3Y?feature=oembed\" frameborder=\"0\" allow=\"accelerometer; autoplay; clipboard-write; encrypted-media; gyroscope; picture-in-picture; web-share\" referrerpolicy=\"strict-origin-when-cross-origin\" allowfullscreen><\/iframe>\n<\/div><figcaption class=\"wp-element-caption\">V\u00eddeo del Via Crucis 2023. Fuente: CuencaNews.<\/figcaption><\/figure>\n\n\n\n<figure class=\"wp-block-image size-full\"><img loading=\"lazy\" decoding=\"async\" width=\"640\" height=\"435\" src=\"http:\/\/www.jesusamarrado.com\/wp-content\/uploads\/2024\/02\/via_crucis_14_desenfoque061.jpg\" alt=\"\" class=\"wp-image-127\" srcset=\"http:\/\/www.jesusamarrado.com\/wp-content\/uploads\/2024\/02\/via_crucis_14_desenfoque061.jpg 640w, http:\/\/www.jesusamarrado.com\/wp-content\/uploads\/2024\/02\/via_crucis_14_desenfoque061-300x204.jpg 300w\" sizes=\"auto, (max-width: 640px) 100vw, 640px\" \/><figcaption class=\"wp-element-caption\">Foto: Grupo Desenfoque.<\/figcaption><\/figure>\n\n\n\n<p>Cada primer Viernes de Cuaresma, la imagen de nuestro Titular recorre en Solemne V\u00eda Crucis las estrechas y empinadas calles del barrio de San Ant\u00f3n, tras la celebraci\u00f3n de una Misa.<br>Debido al alto numero de personas de este barrio devotas de nuestra Imagen que a causa de su maltrecho estado de salud o a su elevada edad, eran ya incapaces de acercarse a visitar a la Imagen a la Iglesia, surgi\u00f3 en el a\u00f1o 1998 este acto que, desde ese mismo momento, cal\u00f3 hondo en el ambiente nazareno conquense pues fue una gran cantidad de gente la que sigui\u00f3, tras la Talla, el recorrido de la procesi\u00f3n. &nbsp;<br><br>El V\u00eda Crucis, de car\u00e1cter plenamente popular, presta un gran servicio asistencial, por tanto, a los vecinos del Barrio de San Ant\u00f3n. Resulta realmente conmovedor ver como, tras las ventanas de las casas del barrio, los ancianos e impedidos se santiguan al paso del Se\u00f1or. Por otra parte, la gran cantidad de gente que nos arropa cada a\u00f1o hace que esta actividad sea cita obligada ya en el calendario cuaresmal para los amantes de la Semana Santa.<\/p>\n\n\n\n<p>La Santa Misa da comienzo a las 19:15 h. y, desde el primer a\u00f1o, es oficiada por el Obispo de la Di\u00f3cesis de Cuenca. Al finalizar, y tras los preparativos previos por parte de la Hermandad, a las 20 h. da comienzo &nbsp;el V\u00eda Crucis desde la Parroquia, siendo presidido el desfile por el Sr. Obispo, nuestros Hermanos Mayores, y representantes de la Junta de Cofrad\u00edas y la Archicofrad\u00eda de Paz y Caridad. Se recorren las angostas callejuelas del barrio haciendo &nbsp;la lectura de las 7 primeras estaciones hasta llegar a la parte alta del mismo, donde se da la vuelta a la Talla para hacer las 7 estaciones restantes en la bajada, regresando as\u00ed a la Parroquia de origen. Estas estaciones son le\u00eddas por los propios &nbsp;fieles y finalizan con una reflexi\u00f3n y una oraci\u00f3n por parte del P\u00e1rroco de San Ant\u00f3n.<br><br>Cabe destacar que en este Via Crucis s\u00f3lo procesiona la Imagen de Jes\u00fas sin el say\u00f3n que le azota cada Jueves Santo, y lo hace sobre unas andas realizadas al efecto en el a\u00f1o 2008 por el herrero conquense Rafael Redondo. Las andas est\u00e1n hechas en aluminio, y rematadas por una tela de damasco amarillo y terciopelo morado, terminada en una tira de flecos de oro, realizada por Enrique Ruip\u00e9rez, quien tambi\u00e9n se encarg\u00f3, en el a\u00f1o 2010, de cubrir con una tela morada las mesas que sirven de soporte a las andas en la Parroquia.<\/p>\n\n\n\n<p><strong>Fuente: Blog Jes\u00fas Amarrado<\/strong><\/p>\n\n\n\n<figure class=\"wp-block-image size-full is-resized\"><img loading=\"lazy\" decoding=\"async\" width=\"400\" height=\"278\" src=\"http:\/\/www.jesusamarrado.com\/wp-content\/uploads\/2024\/02\/IMG_8836.jpg\" alt=\"\" class=\"wp-image-128\" style=\"width:432px;height:auto\" srcset=\"http:\/\/www.jesusamarrado.com\/wp-content\/uploads\/2024\/02\/IMG_8836.jpg 400w, http:\/\/www.jesusamarrado.com\/wp-content\/uploads\/2024\/02\/IMG_8836-300x209.jpg 300w\" sizes=\"auto, (max-width: 400px) 100vw, 400px\" \/><figcaption class=\"wp-element-caption\">Foto: Cuencanews.<\/figcaption><\/figure>\n","protected":false},"excerpt":{"rendered":"<p>Via Crucis 2025 &#8211; 7 de Marzo Cada primer Viernes de Cuaresma, la imagen de nuestro Titular recorre en Solemne V\u00eda Crucis las estrechas y empinadas calles del barrio de San Ant\u00f3n, tras la celebraci\u00f3n de una Misa.Debido al alto numero de personas de este barrio devotas de nuestra Imagen que a causa de su [&hellip;]<\/p>\n","protected":false},"author":1,"featured_media":0,"parent":0,"menu_order":0,"comment_status":"closed","ping_status":"closed","template":"","meta":{"_eb_attr":"","footnotes":""},"class_list":["post-126","page","type-page","status-publish","hentry"],"_links":{"self":[{"href":"http:\/\/www.jesusamarrado.com\/index.php?rest_route=\/wp\/v2\/pages\/126","targetHints":{"allow":["GET"]}}],"collection":[{"href":"http:\/\/www.jesusamarrado.com\/index.php?rest_route=\/wp\/v2\/pages"}],"about":[{"href":"http:\/\/www.jesusamarrado.com\/index.php?rest_route=\/wp\/v2\/types\/page"}],"author":[{"embeddable":true,"href":"http:\/\/www.jesusamarrado.com\/index.php?rest_route=\/wp\/v2\/users\/1"}],"replies":[{"embeddable":true,"href":"http:\/\/www.jesusamarrado.com\/index.php?rest_route=%2Fwp%2Fv2%2Fcomments&post=126"}],"version-history":[{"count":8,"href":"http:\/\/www.jesusamarrado.com\/index.php?rest_route=\/wp\/v2\/pages\/126\/revisions"}],"predecessor-version":[{"id":414,"href":"http:\/\/www.jesusamarrado.com\/index.php?rest_route=\/wp\/v2\/pages\/126\/revisions\/414"}],"wp:attachment":[{"href":"http:\/\/www.jesusamarrado.com\/index.php?rest_route=%2Fwp%2Fv2%2Fmedia&parent=126"}],"curies":[{"name":"wp","href":"https:\/\/api.w.org\/{rel}","templated":true}]}}

Vía Crucis

<p><script>(function(d, s, id) { var js, pjs = d.getElementsByTagName(s)[0]; if (d.getElementById(id)) return; js = d.createElement(s); js.id = id; js.src = "//www.tickcounter.com/static/js/loader.js"; pjs.parentNode.insertBefore(js, pjs); }(document, "script", "tickcounter-sdk"));</script><a data-type="countdown" data-id="9091575" class="tickcounter" style="display:block; left:0; width:50%; height:0; position:relative; padding-bottom:12%; margin:0 auto;" title="Via Crucis 2026" href="//www.tickcounter.com/">Via Crucis 2026</a></p>



<p class="has-text-align-center">Via Crucis 2025 &#8211; 7 de Marzo</p>



<figure class="wp-block-embed is-type-video is-provider-youtube wp-block-embed-youtube wp-embed-aspect-16-9 wp-has-aspect-ratio"><div class="wp-block-embed__wrapper">
<iframe loading="lazy" title="Vía Crucis de Nuestro Padre Jesús Amarrado a la Columna 2023" width="500" height="281" src="https://www.youtube.com/embed/BmGA_LWNT3Y?feature=oembed" frameborder="0" allow="accelerometer; autoplay; clipboard-write; encrypted-media; gyroscope; picture-in-picture; web-share" referrerpolicy="strict-origin-when-cross-origin" allowfullscreen></iframe>
</div><figcaption class="wp-element-caption">Vídeo del Via Crucis 2023. Fuente: CuencaNews.</figcaption></figure>



<figure class="wp-block-image size-full"><img loading="lazy" decoding="async" width="640" height="435" src="http://www.jesusamarrado.com/wp-content/uploads/2024/02/via_crucis_14_desenfoque061.jpg" alt="" class="wp-image-127" srcset="http://www.jesusamarrado.com/wp-content/uploads/2024/02/via_crucis_14_desenfoque061.jpg 640w, http://www.jesusamarrado.com/wp-content/uploads/2024/02/via_crucis_14_desenfoque061-300x204.jpg 300w" sizes="auto, (max-width: 640px) 100vw, 640px" /><figcaption class="wp-element-caption">Foto: Grupo Desenfoque.</figcaption></figure>



<p>Cada primer Viernes de Cuaresma, la imagen de nuestro Titular recorre en Solemne Vía Crucis las estrechas y empinadas calles del barrio de San Antón, tras la celebración de una Misa.<br>Debido al alto numero de personas de este barrio devotas de nuestra Imagen que a causa de su maltrecho estado de salud o a su elevada edad, eran ya incapaces de acercarse a visitar a la Imagen a la Iglesia, surgió en el año 1998 este acto que, desde ese mismo momento, caló hondo en el ambiente nazareno conquense pues fue una gran cantidad de gente la que siguió, tras la Talla, el recorrido de la procesión. &nbsp;<br><br>El Vía Crucis, de carácter plenamente popular, presta un gran servicio asistencial, por tanto, a los vecinos del Barrio de San Antón. Resulta realmente conmovedor ver como, tras las ventanas de las casas del barrio, los ancianos e impedidos se santiguan al paso del Señor. Por otra parte, la gran cantidad de gente que nos arropa cada año hace que esta actividad sea cita obligada ya en el calendario cuaresmal para los amantes de la Semana Santa.</p>



<p>La Santa Misa da comienzo a las 19:15 h. y, desde el primer año, es oficiada por el Obispo de la Diócesis de Cuenca. Al finalizar, y tras los preparativos previos por parte de la Hermandad, a las 20 h. da comienzo &nbsp;el Vía Crucis desde la Parroquia, siendo presidido el desfile por el Sr. Obispo, nuestros Hermanos Mayores, y representantes de la Junta de Cofradías y la Archicofradía de Paz y Caridad. Se recorren las angostas callejuelas del barrio haciendo &nbsp;la lectura de las 7 primeras estaciones hasta llegar a la parte alta del mismo, donde se da la vuelta a la Talla para hacer las 7 estaciones restantes en la bajada, regresando así a la Parroquia de origen. Estas estaciones son leídas por los propios &nbsp;fieles y finalizan con una reflexión y una oración por parte del Párroco de San Antón.<br><br>Cabe destacar que en este Via Crucis sólo procesiona la Imagen de Jesús sin el sayón que le azota cada Jueves Santo, y lo hace sobre unas andas realizadas al efecto en el año 2008 por el herrero conquense Rafael Redondo. Las andas están hechas en aluminio, y rematadas por una tela de damasco amarillo y terciopelo morado, terminada en una tira de flecos de oro, realizada por Enrique Ruipérez, quien también se encargó, en el año 2010, de cubrir con una tela morada las mesas que sirven de soporte a las andas en la Parroquia.</p>



<p><strong>Fuente: Blog Jesús Amarrado</strong></p>



<figure class="wp-block-image size-full is-resized"><img loading="lazy" decoding="async" width="400" height="278" src="http://www.jesusamarrado.com/wp-content/uploads/2024/02/IMG_8836.jpg" alt="" class="wp-image-128" style="width:432px;height:auto" srcset="http://www.jesusamarrado.com/wp-content/uploads/2024/02/IMG_8836.jpg 400w, http://www.jesusamarrado.com/wp-content/uploads/2024/02/IMG_8836-300x209.jpg 300w" sizes="auto, (max-width: 400px) 100vw, 400px" /><figcaption class="wp-element-caption">Foto: Cuencanews.</figcaption></figure>

<p>Via Crucis 2025 &#8211; 7 de Marzo Cada primer Viernes de Cuaresma, la imagen de nuestro Titular recorre en Solemne Vía Crucis las estrechas y empinadas calles del barrio de San Antón, tras la celebración de una Misa.Debido al alto numero de personas de este barrio devotas de nuestra Imagen que a causa de su [&hellip;]</p>
