{"id":118,"date":"2024-02-08T23:26:48","date_gmt":"2024-02-08T23:26:48","guid":{"rendered":"http:\/\/www.jesusamarrado.com\/?page_id=118"},"modified":"2026-01-06T22:54:11","modified_gmt":"2026-01-06T22:54:11","slug":"hermandad","status":"publish","type":"page","link":"http:\/\/www.jesusamarrado.com\/?page_id=118","title":{"rendered":"Hermandad"},"content":{"rendered":"\n<div class=\"wp-block-media-text is-stacked-on-mobile\" style=\"grid-template-columns:24% auto\"><figure class=\"wp-block-media-text__media\"><img loading=\"lazy\" decoding=\"async\" width=\"422\" height=\"592\" src=\"http:\/\/www.jesusamarrado.com\/wp-content\/uploads\/2024\/02\/escudosinfondo-2.png\" alt=\"\" class=\"wp-image-84 size-full\" srcset=\"http:\/\/www.jesusamarrado.com\/wp-content\/uploads\/2024\/02\/escudosinfondo-2.png 422w, http:\/\/www.jesusamarrado.com\/wp-content\/uploads\/2024\/02\/escudosinfondo-2-214x300.png 214w\" sizes=\"auto, (max-width: 422px) 100vw, 422px\" \/><\/figure><div class=\"wp-block-media-text__content\">\n<p><em><strong>Estatutos de la Hermandad<\/strong><\/em><\/p>\n\n\n\n\n\n<p>La Ilustre y Venerable Hermandad de Nuestro Padre Jes\u00fas Amarrado a la Columna desfila en la tarde de Jueves Santo, formando parte de la Procesi\u00f3n de Paz y Caridad, ocupando el tercer lugar en dicho desfile. Componen la Hermandad 1016 hermanos (Enero 2026).<br><br><\/p>\n<\/div><\/div>\n\n\n\n<p>La Imagen titular representa a Cristo en el momento de la Flagelaci\u00f3n, atado a una columna y siendo azotado por un Say\u00f3n. Ambas figuras fueron realizadas por el escultor Luis Marco P\u00e9rez y desfilan sobre unas andas que fueron realizadas en 1957 por Apolonio P\u00e9rez. La talla de Cristo Amarrado (1940) recibe culto en la Parroquia de Ntra. Sra. de la Luz, mientras que la del Say\u00f3n (1957) se expone desde el verano de 2015 en el Museo de la Semana Santa de Cuenca, en la exposici\u00f3n permanente dedicada a Marco P\u00e9rez. El paso es portado en la actualidad por 34 banceros, de los cuales 28 lo son por subasta y 6 por turno.<br><br>La Hermandad realiza a lo largo del a\u00f1o una serie de actividades entre las que destacan los Solemnes Cultos en honor a Ntro. Padre Jes\u00fas Amarrado a la Columna. El primer domingo de Septiembre se realiza Funci\u00f3n Religiosa, seguida de Solemne Besapi\u00e9 de la Sagrada Imagen y reparto de caridad. El d\u00eda siguiente, se hace una Misa para recordar a los hermanos fallecidos. Ambos actos cuentan con la presencia del titular en el Altar Mayor de la Parroquia de Ntra. Sra. de la Luz.<br><br>Tambi\u00e9n es destacable el V\u00eda Crucis que se realiza, con la talla del Titular, cada primer Viernes de Cuaresma por el Barrio de San Ant\u00f3n.<\/p>\n\n\n\n<figure class=\"wp-block-gallery has-nested-images columns-default is-cropped wp-block-gallery-1 is-layout-flex wp-block-gallery-is-layout-flex\">\n<figure class=\"wp-block-image size-large\"><img loading=\"lazy\" decoding=\"async\" width=\"683\" height=\"1024\" data-id=\"123\" src=\"http:\/\/www.jesusamarrado.com\/wp-content\/uploads\/2024\/02\/MG_2818_roberto-nieva-683x1024.jpg\" alt=\"\" class=\"wp-image-123\" srcset=\"http:\/\/www.jesusamarrado.com\/wp-content\/uploads\/2024\/02\/MG_2818_roberto-nieva-683x1024.jpg 683w, http:\/\/www.jesusamarrado.com\/wp-content\/uploads\/2024\/02\/MG_2818_roberto-nieva-200x300.jpg 200w, http:\/\/www.jesusamarrado.com\/wp-content\/uploads\/2024\/02\/MG_2818_roberto-nieva-768x1152.jpg 768w, http:\/\/www.jesusamarrado.com\/wp-content\/uploads\/2024\/02\/MG_2818_roberto-nieva-1024x1536.jpg 1024w, http:\/\/www.jesusamarrado.com\/wp-content\/uploads\/2024\/02\/MG_2818_roberto-nieva-1365x2048.jpg 1365w, http:\/\/www.jesusamarrado.com\/wp-content\/uploads\/2024\/02\/MG_2818_roberto-nieva-scaled.jpg 1707w\" sizes=\"auto, (max-width: 683px) 100vw, 683px\" \/><\/figure>\n\n\n\n<figure class=\"wp-block-image size-large\"><img loading=\"lazy\" decoding=\"async\" width=\"412\" height=\"618\" data-id=\"122\" src=\"http:\/\/www.jesusamarrado.com\/wp-content\/uploads\/2024\/02\/amarrao5.jpg\" alt=\"\" class=\"wp-image-122\" srcset=\"http:\/\/www.jesusamarrado.com\/wp-content\/uploads\/2024\/02\/amarrao5.jpg 412w, http:\/\/www.jesusamarrado.com\/wp-content\/uploads\/2024\/02\/amarrao5-200x300.jpg 200w\" sizes=\"auto, (max-width: 412px) 100vw, 412px\" \/><\/figure>\n\n\n\n<figure class=\"wp-block-image size-large\"><img loading=\"lazy\" decoding=\"async\" width=\"683\" height=\"1024\" data-id=\"124\" src=\"http:\/\/www.jesusamarrado.com\/wp-content\/uploads\/2024\/02\/IMG_1399-683x1024.jpg\" alt=\"\" class=\"wp-image-124\" srcset=\"http:\/\/www.jesusamarrado.com\/wp-content\/uploads\/2024\/02\/IMG_1399-683x1024.jpg 683w, http:\/\/www.jesusamarrado.com\/wp-content\/uploads\/2024\/02\/IMG_1399-200x300.jpg 200w, http:\/\/www.jesusamarrado.com\/wp-content\/uploads\/2024\/02\/IMG_1399-768x1152.jpg 768w, http:\/\/www.jesusamarrado.com\/wp-content\/uploads\/2024\/02\/IMG_1399-1024x1536.jpg 1024w, http:\/\/www.jesusamarrado.com\/wp-content\/uploads\/2024\/02\/IMG_1399-1365x2048.jpg 1365w, http:\/\/www.jesusamarrado.com\/wp-content\/uploads\/2024\/02\/IMG_1399-scaled.jpg 1707w\" sizes=\"auto, (max-width: 683px) 100vw, 683px\" \/><\/figure>\n<\/figure>\n\n\n\n<p>Desde el a\u00f1o 1997 nuestra Hermandad est\u00e1 vinculada por medio de un Hermanamiento con la Cofrad\u00eda de la Flagelaci\u00f3n y Gloria de Elche, que desfila cada Lunes Santo con la imagen de un Cristo atado a la Columna realizado por Luis Marco P\u00e9rez que guarda notables similitudes con nuestro Titular.<br><br>Entre las \u00faltimas novedades incorporadas a la Hermandad, podemos se\u00f1alar la participaci\u00f3n tanto en la Ruta de Belenes que organiza la Junta de Cofrad\u00edas (a\u00f1os 2015 y 2016), como en la Procesi\u00f3n Infantil que, con motivo de la clausura de la Escuela Nazarena, se organiza en Cuaresma y en la que venimos participando asiduamente desde 2015. Para ello se cuenta con un paso realizado a escala para los m\u00e1s peque\u00f1os, con figuras del ceramista Tom\u00e1s Bux y andas del belenista F\u00e9lix Soriano.<br><br>En el a\u00f1o 2017 se establece un acuerdo de vinculaci\u00f3n con la Vble. Hdad. de Ntra. Sra. de los Dolores y las Santas Mar\u00edas, incorporada a la Junta de Cofrad\u00edas en Febrero de ese a\u00f1o. El motivo es el origen de esta nueva Hermandad en el Foro Nazareno de nuestra p\u00e1gina web oficial, pues all\u00ed comenz\u00f3 a gestarse y a tomar forma. Fruto de esta vinculaci\u00f3n, en las andas de esta nueva Hermandad figurar\u00e1 para siempre un relieve con nuestro escudo. Adem\u00e1s, en su primer desfile procesional particip\u00f3 en la presidencia del mismo nuestro Hermano Mayor, con su Cetro y ataviado con el uniforme de la Hermandad.<\/p>\n\n\n\n<div class=\"wp-block-media-text is-stacked-on-mobile is-vertically-aligned-top\" style=\"grid-template-columns:26% auto\"><figure class=\"wp-block-media-text__media\"><img loading=\"lazy\" decoding=\"async\" width=\"132\" height=\"267\" src=\"http:\/\/www.jesusamarrado.com\/wp-content\/uploads\/2024\/02\/OIP-2.jpg\" alt=\"\" class=\"wp-image-254 size-full\"\/><\/figure><div class=\"wp-block-media-text__content\">\n<p><strong>Escudo y uniformidad<\/strong><br><br>El escudo de la Ilustre y Venerable Hermandad de Nuestro Padre Jes\u00fas Amarrado a la Columna, est\u00e1 conformado por una columna con los flagelos cruzados sobre la misma y pendiendo a ambos lados de esta sobre fondo blanco, encuadrado todo ello en una superficie ovalada.<br><br>La uniformidad correspondiente a nuestra Hermandad, est\u00e1 compuesta por:<br>&#8211; T\u00fanica morada, cordones de borlas amarillas en el lado izquierdo, rosario en el lado derecho, capuz color ca\u00f1a con el escudo de la Hermandad a la altura del pecho, guantes blancos y zapatos negros.<br><br>&#8211; Los Hermanos Mayores, Cetros Directivos, Capataz de Banceros, Cetros de Subasta de adultos e infantiles, Cetro de Turno, Porta-Gui\u00f3n, Porta-Estandartes, Porta-Faroles y Hachones, llevan, adem\u00e1s, capa blanca con la vuelta del mismo color que el capuz. Los ni\u00f1os portadores del incensario, visten una esclavina de color ca\u00f1a.<br><br>&#8211; Por su parte, el Representante ante la Junta de Cofrad\u00edas lleva capa con la vuelta de color azul y Cetro seg\u00fan las normas de la citada instituci\u00f3n.<br><br><strong>Fuente: Blog Jes\u00fas Amarrado<\/strong><\/p>\n<\/div><\/div>\n\n\n\n<figure class=\"wp-block-embed is-type-video is-provider-youtube wp-block-embed-youtube wp-embed-aspect-4-3 wp-has-aspect-ratio\"><div class=\"wp-block-embed__wrapper\">\n<iframe loading=\"lazy\" title=\"Amarrado a la Columna - Juli\u00e1n Aguirre Belmar [BM]\" width=\"500\" height=\"375\" src=\"https:\/\/www.youtube.com\/embed\/9MZxwoPFB7c?feature=oembed\" frameborder=\"0\" allow=\"accelerometer; autoplay; clipboard-write; encrypted-media; gyroscope; picture-in-picture; web-share\" referrerpolicy=\"strict-origin-when-cross-origin\" allowfullscreen><\/iframe>\n<\/div><\/figure>\n\n\n\n<figure class=\"wp-block-embed is-type-video is-provider-youtube wp-block-embed-youtube wp-embed-aspect-4-3 wp-has-aspect-ratio\"><div class=\"wp-block-embed__wrapper\">\n<iframe loading=\"lazy\" title=\"Azotes de Pasi\u00f3n - Alberto Nevado Cort\u00e9s [BM]\" width=\"500\" height=\"375\" src=\"https:\/\/www.youtube.com\/embed\/3-h0C3txbZM?feature=oembed\" frameborder=\"0\" allow=\"accelerometer; autoplay; clipboard-write; encrypted-media; gyroscope; picture-in-picture; web-share\" referrerpolicy=\"strict-origin-when-cross-origin\" allowfullscreen><\/iframe>\n<\/div><\/figure>\n","protected":false},"excerpt":{"rendered":"<p>La Imagen titular representa a Cristo en el momento de la Flagelaci\u00f3n, atado a una columna y siendo azotado por un Say\u00f3n. Ambas figuras fueron realizadas por el escultor Luis Marco P\u00e9rez y desfilan sobre unas andas que fueron realizadas en 1957 por Apolonio P\u00e9rez. La talla de Cristo Amarrado (1940) recibe culto en la [&hellip;]<\/p>\n","protected":false},"author":1,"featured_media":0,"parent":0,"menu_order":0,"comment_status":"closed","ping_status":"closed","template":"","meta":{"_eb_attr":"","footnotes":""},"class_list":["post-118","page","type-page","status-publish","hentry"],"_links":{"self":[{"href":"http:\/\/www.jesusamarrado.com\/index.php?rest_route=\/wp\/v2\/pages\/118","targetHints":{"allow":["GET"]}}],"collection":[{"href":"http:\/\/www.jesusamarrado.com\/index.php?rest_route=\/wp\/v2\/pages"}],"about":[{"href":"http:\/\/www.jesusamarrado.com\/index.php?rest_route=\/wp\/v2\/types\/page"}],"author":[{"embeddable":true,"href":"http:\/\/www.jesusamarrado.com\/index.php?rest_route=\/wp\/v2\/users\/1"}],"replies":[{"embeddable":true,"href":"http:\/\/www.jesusamarrado.com\/index.php?rest_route=%2Fwp%2Fv2%2Fcomments&post=118"}],"version-history":[{"count":12,"href":"http:\/\/www.jesusamarrado.com\/index.php?rest_route=\/wp\/v2\/pages\/118\/revisions"}],"predecessor-version":[{"id":416,"href":"http:\/\/www.jesusamarrado.com\/index.php?rest_route=\/wp\/v2\/pages\/118\/revisions\/416"}],"wp:attachment":[{"href":"http:\/\/www.jesusamarrado.com\/index.php?rest_route=%2Fwp%2Fv2%2Fmedia&parent=118"}],"curies":[{"name":"wp","href":"https:\/\/api.w.org\/{rel}","templated":true}]}}

<div class="wp-block-media-text is-stacked-on-mobile" style="grid-template-columns:24% auto"><figure class="wp-block-media-text__media"><img loading="lazy" decoding="async" width="422" height="592" src="http://www.jesusamarrado.com/wp-content/uploads/2024/02/escudosinfondo-2.png" alt="" class="wp-image-84 size-full" srcset="http://www.jesusamarrado.com/wp-content/uploads/2024/02/escudosinfondo-2.png 422w, http://www.jesusamarrado.com/wp-content/uploads/2024/02/escudosinfondo-2-214x300.png 214w" sizes="auto, (max-width: 422px) 100vw, 422px" /></figure><div class="wp-block-media-text__content">
<p><em><strong>Estatutos de la Hermandad</strong></em></p>





<p>La Ilustre y Venerable Hermandad de Nuestro Padre Jesús Amarrado a la Columna desfila en la tarde de Jueves Santo, formando parte de la Procesión de Paz y Caridad, ocupando el tercer lugar en dicho desfile. Componen la Hermandad 1016 hermanos (Enero 2026).<br><br></p>
</div></div>



<p>La Imagen titular representa a Cristo en el momento de la Flagelación, atado a una columna y siendo azotado por un Sayón. Ambas figuras fueron realizadas por el escultor Luis Marco Pérez y desfilan sobre unas andas que fueron realizadas en 1957 por Apolonio Pérez. La talla de Cristo Amarrado (1940) recibe culto en la Parroquia de Ntra. Sra. de la Luz, mientras que la del Sayón (1957) se expone desde el verano de 2015 en el Museo de la Semana Santa de Cuenca, en la exposición permanente dedicada a Marco Pérez. El paso es portado en la actualidad por 34 banceros, de los cuales 28 lo son por subasta y 6 por turno.<br><br>La Hermandad realiza a lo largo del año una serie de actividades entre las que destacan los Solemnes Cultos en honor a Ntro. Padre Jesús Amarrado a la Columna. El primer domingo de Septiembre se realiza Función Religiosa, seguida de Solemne Besapié de la Sagrada Imagen y reparto de caridad. El día siguiente, se hace una Misa para recordar a los hermanos fallecidos. Ambos actos cuentan con la presencia del titular en el Altar Mayor de la Parroquia de Ntra. Sra. de la Luz.<br><br>También es destacable el Vía Crucis que se realiza, con la talla del Titular, cada primer Viernes de Cuaresma por el Barrio de San Antón.</p>



<figure class="wp-block-gallery has-nested-images columns-default is-cropped wp-block-gallery-1 is-layout-flex wp-block-gallery-is-layout-flex">
<figure class="wp-block-image size-large"><img loading="lazy" decoding="async" width="683" height="1024" data-id="123" src="http://www.jesusamarrado.com/wp-content/uploads/2024/02/MG_2818_roberto-nieva-683x1024.jpg" alt="" class="wp-image-123" srcset="http://www.jesusamarrado.com/wp-content/uploads/2024/02/MG_2818_roberto-nieva-683x1024.jpg 683w, http://www.jesusamarrado.com/wp-content/uploads/2024/02/MG_2818_roberto-nieva-200x300.jpg 200w, http://www.jesusamarrado.com/wp-content/uploads/2024/02/MG_2818_roberto-nieva-768x1152.jpg 768w, http://www.jesusamarrado.com/wp-content/uploads/2024/02/MG_2818_roberto-nieva-1024x1536.jpg 1024w, http://www.jesusamarrado.com/wp-content/uploads/2024/02/MG_2818_roberto-nieva-1365x2048.jpg 1365w, http://www.jesusamarrado.com/wp-content/uploads/2024/02/MG_2818_roberto-nieva-scaled.jpg 1707w" sizes="auto, (max-width: 683px) 100vw, 683px" /></figure>



<figure class="wp-block-image size-large"><img loading="lazy" decoding="async" width="412" height="618" data-id="122" src="http://www.jesusamarrado.com/wp-content/uploads/2024/02/amarrao5.jpg" alt="" class="wp-image-122" srcset="http://www.jesusamarrado.com/wp-content/uploads/2024/02/amarrao5.jpg 412w, http://www.jesusamarrado.com/wp-content/uploads/2024/02/amarrao5-200x300.jpg 200w" sizes="auto, (max-width: 412px) 100vw, 412px" /></figure>



<figure class="wp-block-image size-large"><img loading="lazy" decoding="async" width="683" height="1024" data-id="124" src="http://www.jesusamarrado.com/wp-content/uploads/2024/02/IMG_1399-683x1024.jpg" alt="" class="wp-image-124" srcset="http://www.jesusamarrado.com/wp-content/uploads/2024/02/IMG_1399-683x1024.jpg 683w, http://www.jesusamarrado.com/wp-content/uploads/2024/02/IMG_1399-200x300.jpg 200w, http://www.jesusamarrado.com/wp-content/uploads/2024/02/IMG_1399-768x1152.jpg 768w, http://www.jesusamarrado.com/wp-content/uploads/2024/02/IMG_1399-1024x1536.jpg 1024w, http://www.jesusamarrado.com/wp-content/uploads/2024/02/IMG_1399-1365x2048.jpg 1365w, http://www.jesusamarrado.com/wp-content/uploads/2024/02/IMG_1399-scaled.jpg 1707w" sizes="auto, (max-width: 683px) 100vw, 683px" /></figure>
</figure>



<p>Desde el año 1997 nuestra Hermandad está vinculada por medio de un Hermanamiento con la Cofradía de la Flagelación y Gloria de Elche, que desfila cada Lunes Santo con la imagen de un Cristo atado a la Columna realizado por Luis Marco Pérez que guarda notables similitudes con nuestro Titular.<br><br>Entre las últimas novedades incorporadas a la Hermandad, podemos señalar la participación tanto en la Ruta de Belenes que organiza la Junta de Cofradías (años 2015 y 2016), como en la Procesión Infantil que, con motivo de la clausura de la Escuela Nazarena, se organiza en Cuaresma y en la que venimos participando asiduamente desde 2015. Para ello se cuenta con un paso realizado a escala para los más pequeños, con figuras del ceramista Tomás Bux y andas del belenista Félix Soriano.<br><br>En el año 2017 se establece un acuerdo de vinculación con la Vble. Hdad. de Ntra. Sra. de los Dolores y las Santas Marías, incorporada a la Junta de Cofradías en Febrero de ese año. El motivo es el origen de esta nueva Hermandad en el Foro Nazareno de nuestra página web oficial, pues allí comenzó a gestarse y a tomar forma. Fruto de esta vinculación, en las andas de esta nueva Hermandad figurará para siempre un relieve con nuestro escudo. Además, en su primer desfile procesional participó en la presidencia del mismo nuestro Hermano Mayor, con su Cetro y ataviado con el uniforme de la Hermandad.</p>



<div class="wp-block-media-text is-stacked-on-mobile is-vertically-aligned-top" style="grid-template-columns:26% auto"><figure class="wp-block-media-text__media"><img loading="lazy" decoding="async" width="132" height="267" src="http://www.jesusamarrado.com/wp-content/uploads/2024/02/OIP-2.jpg" alt="" class="wp-image-254 size-full"/></figure><div class="wp-block-media-text__content">
<p><strong>Escudo y uniformidad</strong><br><br>El escudo de la Ilustre y Venerable Hermandad de Nuestro Padre Jesús Amarrado a la Columna, está conformado por una columna con los flagelos cruzados sobre la misma y pendiendo a ambos lados de esta sobre fondo blanco, encuadrado todo ello en una superficie ovalada.<br><br>La uniformidad correspondiente a nuestra Hermandad, está compuesta por:<br>&#8211; Túnica morada, cordones de borlas amarillas en el lado izquierdo, rosario en el lado derecho, capuz color caña con el escudo de la Hermandad a la altura del pecho, guantes blancos y zapatos negros.<br><br>&#8211; Los Hermanos Mayores, Cetros Directivos, Capataz de Banceros, Cetros de Subasta de adultos e infantiles, Cetro de Turno, Porta-Guión, Porta-Estandartes, Porta-Faroles y Hachones, llevan, además, capa blanca con la vuelta del mismo color que el capuz. Los niños portadores del incensario, visten una esclavina de color caña.<br><br>&#8211; Por su parte, el Representante ante la Junta de Cofradías lleva capa con la vuelta de color azul y Cetro según las normas de la citada institución.<br><br><strong>Fuente: Blog Jesús Amarrado</strong></p>
</div></div>



<figure class="wp-block-embed is-type-video is-provider-youtube wp-block-embed-youtube wp-embed-aspect-4-3 wp-has-aspect-ratio"><div class="wp-block-embed__wrapper">
<iframe loading="lazy" title="Amarrado a la Columna - Julián Aguirre Belmar [BM]" width="500" height="375" src="https://www.youtube.com/embed/9MZxwoPFB7c?feature=oembed" frameborder="0" allow="accelerometer; autoplay; clipboard-write; encrypted-media; gyroscope; picture-in-picture; web-share" referrerpolicy="strict-origin-when-cross-origin" allowfullscreen></iframe>
</div></figure>



<figure class="wp-block-embed is-type-video is-provider-youtube wp-block-embed-youtube wp-embed-aspect-4-3 wp-has-aspect-ratio"><div class="wp-block-embed__wrapper">
<iframe loading="lazy" title="Azotes de Pasión - Alberto Nevado Cortés [BM]" width="500" height="375" src="https://www.youtube.com/embed/3-h0C3txbZM?feature=oembed" frameborder="0" allow="accelerometer; autoplay; clipboard-write; encrypted-media; gyroscope; picture-in-picture; web-share" referrerpolicy="strict-origin-when-cross-origin" allowfullscreen></iframe>
</div></figure>

<p>La Imagen titular representa a Cristo en el momento de la Flagelación, atado a una columna y siendo azotado por un Sayón. Ambas figuras fueron realizadas por el escultor Luis Marco Pérez y desfilan sobre unas andas que fueron realizadas en 1957 por Apolonio Pérez. La talla de Cristo Amarrado (1940) recibe culto en la [&hellip;]</p>
